{"id":1060,"date":"2016-11-02T22:18:42","date_gmt":"2016-11-02T22:18:42","guid":{"rendered":"https:\/\/rental.digitalazul.pt\/en\/category\/projector-screens\/tela-projecao-2-44-x-1-83-m\/"},"modified":"2025-05-15T11:36:13","modified_gmt":"2025-05-15T10:36:13","slug":"tela-de-2-66-x-1-50m-169","status":"publish","type":"product","link":"https:\/\/rental.digitalazul.pt\/en\/produto\/tela-de-2-66-x-1-50m-169\/","title":{"rendered":"Projector Screen 2.66 x 1.50m (16:9)"},"content":{"rendered":"","protected":false},"excerpt":{"rendered":"<p>Tela de proje\u00e7\u00e3o em estrutura de alum\u00ednio desmont\u00e1vel 16:9<\/p>\n<ul>\n<li>\u00c1rea \u00fatil da tela: 2,66m x 1,50m<\/li>\n<li>\u00c1rea total da tela: 2,81m x 1,65m<\/li>\n<li>Diagonal: 120&#8243;<\/li>\n<li>Altura\u00a0m\u00e1xima dos p\u00e9s: 1,28m<\/li>\n<li>Altura m\u00ednima dos p\u00e9s: 0,28m<\/li>\n<li>Altura m\u00e1xima da estrutura: 2,93m<\/li>\n<li>Altura m\u00ednima da estrutura: 1,93m<\/li>\n<li>Largura dos p\u00e9s: 1,22m<\/li>\n<li>Dimens\u00f5es da caixa de transporte: 1,31m x 0,43m x 0,46m<\/li>\n<\/ul>\n","protected":false},"featured_media":3095,"template":"","meta":[],"product_cat":[398],"product_tag":[],"class_list":{"0":"post-1060","1":"product","2":"type-product","3":"status-publish","4":"has-post-thumbnail","6":"product_cat-screens-and-video-projectors","8":"first","9":"instock","10":"taxable","11":"shipping-taxable","12":"purchasable","13":"product-type-simple"},"acf":[],"yoast_head":"<!-- This site is optimized with the Yoast SEO plugin v23.2 - https:\/\/yoast.com\/wordpress\/plugins\/seo\/ -->\n<title>Tela de proje\u00e7\u00e3o com 2.66 x 1.50m com montagem em Lisboa - Digitalazul<\/title>\n<meta name=\"robots\" content=\"index, follow, max-snippet:-1, max-image-preview:large, max-video-preview:-1\" \/>\n<link rel=\"canonical\" href=\"https:\/\/rental.digitalazul.pt\/en\/produto\/tela-de-2-66-x-1-50m-169\/\" \/>\n<meta property=\"og:locale\" content=\"en_US\" \/>\n<meta property=\"og:type\" content=\"article\" \/>\n<meta property=\"og:title\" content=\"Tela de proje\u00e7\u00e3o com 2.66 x 1.50m com montagem em Lisboa - Digitalazul\" \/>\n<meta property=\"og:description\" content=\"Tela de proje\u00e7\u00e3o em estrutura de alum\u00ednio desmont\u00e1vel 16:9   \u00c1rea \u00fatil da tela: 2,66m x 1,50m  \u00c1rea total da tela: 2,81m x 1,65m  Diagonal: 120&quot;  Altura\u00a0m\u00e1xima dos p\u00e9s: 1,28m  Altura m\u00ednima dos p\u00e9s: 0,28m  Altura m\u00e1xima da estrutura: 2,93m  Altura m\u00ednima da estrutura: 1,93m  Largura dos p\u00e9s: 1,22m  Dimens\u00f5es da caixa de transporte: 1,31m x 0,43m x 0,46m\" \/>\n<meta property=\"og:url\" content=\"https:\/\/rental.digitalazul.pt\/en\/produto\/tela-de-2-66-x-1-50m-169\/\" \/>\n<meta property=\"og:site_name\" content=\"Digital Azul\" \/>\n<meta property=\"article:publisher\" content=\"https:\/\/www.facebook.com\/DigitalAzul\" \/>\n<meta property=\"article:modified_time\" content=\"2025-05-15T10:36:13+00:00\" \/>\n<meta property=\"og:image\" content=\"https:\/\/rental.digitalazul.pt\/wp-content\/uploads\/2016\/11\/Tela-de-Proje\u00e7\u00e3o-THUMB-AA-Digital-Azul-3.jpg\" \/>\n\t<meta property=\"og:image:width\" content=\"1200\" \/>\n\t<meta property=\"og:image:height\" content=\"1200\" \/>\n\t<meta property=\"og:image:type\" content=\"image\/jpeg\" \/>\n<meta name=\"twitter:card\" content=\"summary_large_image\" \/>\n<meta name=\"twitter:label1\" content=\"Est. reading time\" \/>\n\t<meta name=\"twitter:data1\" content=\"1 minute\" \/>\n<script type=\"application\/ld+json\" class=\"yoast-schema-graph\">{\"@context\":\"https:\/\/schema.org\",\"@graph\":[{\"@type\":\"WebPage\",\"@id\":\"https:\/\/rental.digitalazul.pt\/en\/produto\/tela-de-2-66-x-1-50m-169\/\",\"url\":\"https:\/\/rental.digitalazul.pt\/en\/produto\/tela-de-2-66-x-1-50m-169\/\",\"name\":\"Tela de proje\u00e7\u00e3o com 2.66 x 1.50m com montagem em Lisboa - Digitalazul\",\"isPartOf\":{\"@id\":\"https:\/\/rental.digitalazul.pt\/en\/#website\"},\"primaryImageOfPage\":{\"@id\":\"https:\/\/rental.digitalazul.pt\/en\/produto\/tela-de-2-66-x-1-50m-169\/#primaryimage\"},\"image\":{\"@id\":\"https:\/\/rental.digitalazul.pt\/en\/produto\/tela-de-2-66-x-1-50m-169\/#primaryimage\"},\"thumbnailUrl\":\"https:\/\/rental.digitalazul.pt\/wp-content\/uploads\/2016\/11\/Tela-de-Proje\u00e7\u00e3o-THUMB-AA-Digital-Azul-3.jpg\",\"datePublished\":\"2016-11-02T22:18:42+00:00\",\"dateModified\":\"2025-05-15T10:36:13+00:00\",\"breadcrumb\":{\"@id\":\"https:\/\/rental.digitalazul.pt\/en\/produto\/tela-de-2-66-x-1-50m-169\/#breadcrumb\"},\"inLanguage\":\"en-US\",\"potentialAction\":[{\"@type\":\"ReadAction\",\"target\":[\"https:\/\/rental.digitalazul.pt\/en\/produto\/tela-de-2-66-x-1-50m-169\/\"]}]},{\"@type\":\"ImageObject\",\"inLanguage\":\"en-US\",\"@id\":\"https:\/\/rental.digitalazul.pt\/en\/produto\/tela-de-2-66-x-1-50m-169\/#primaryimage\",\"url\":\"https:\/\/rental.digitalazul.pt\/wp-content\/uploads\/2016\/11\/Tela-de-Proje\u00e7\u00e3o-THUMB-AA-Digital-Azul-3.jpg\",\"contentUrl\":\"https:\/\/rental.digitalazul.pt\/wp-content\/uploads\/2016\/11\/Tela-de-Proje\u00e7\u00e3o-THUMB-AA-Digital-Azul-3.jpg\",\"width\":1200,\"height\":1200},{\"@type\":\"BreadcrumbList\",\"@id\":\"https:\/\/rental.digitalazul.pt\/en\/produto\/tela-de-2-66-x-1-50m-169\/#breadcrumb\",\"itemListElement\":[{\"@type\":\"ListItem\",\"position\":1,\"name\":\"Home\",\"item\":\"https:\/\/rental.digitalazul.pt\/en\/\"},{\"@type\":\"ListItem\",\"position\":2,\"name\":\"Categories\",\"item\":\"https:\/\/rental.digitalazul.pt\/en\/categories\/\"},{\"@type\":\"ListItem\",\"position\":3,\"name\":\"Projector Screen 2.66 x 1.50m (16:9)\"}]},{\"@type\":\"WebSite\",\"@id\":\"https:\/\/rental.digitalazul.pt\/en\/#website\",\"url\":\"https:\/\/rental.digitalazul.pt\/en\/\",\"name\":\"Digital Azul\",\"description\":\"Rental Catalogue\",\"potentialAction\":[{\"@type\":\"SearchAction\",\"target\":{\"@type\":\"EntryPoint\",\"urlTemplate\":\"https:\/\/rental.digitalazul.pt\/en\/?s={search_term_string}\"},\"query-input\":\"required name=search_term_string\"}],\"inLanguage\":\"en-US\"}]}<\/script>\n<!-- \/ Yoast SEO plugin. -->","yoast_head_json":{"title":"Tela de proje\u00e7\u00e3o com 2.66 x 1.50m com montagem em Lisboa - Digitalazul","robots":{"index":"index","follow":"follow","max-snippet":"max-snippet:-1","max-image-preview":"max-image-preview:large","max-video-preview":"max-video-preview:-1"},"canonical":"https:\/\/rental.digitalazul.pt\/en\/produto\/tela-de-2-66-x-1-50m-169\/","og_locale":"en_US","og_type":"article","og_title":"Tela de proje\u00e7\u00e3o com 2.66 x 1.50m com montagem em Lisboa - Digitalazul","og_description":"Tela de proje\u00e7\u00e3o em estrutura de alum\u00ednio desmont\u00e1vel 16:9   \u00c1rea \u00fatil da tela: 2,66m x 1,50m  \u00c1rea total da tela: 2,81m x 1,65m  Diagonal: 120\"  Altura\u00a0m\u00e1xima dos p\u00e9s: 1,28m  Altura m\u00ednima dos p\u00e9s: 0,28m  Altura m\u00e1xima da estrutura: 2,93m  Altura m\u00ednima da estrutura: 1,93m  Largura dos p\u00e9s: 1,22m  Dimens\u00f5es da caixa de transporte: 1,31m x 0,43m x 0,46m","og_url":"https:\/\/rental.digitalazul.pt\/en\/produto\/tela-de-2-66-x-1-50m-169\/","og_site_name":"Digital Azul","article_publisher":"https:\/\/www.facebook.com\/DigitalAzul","article_modified_time":"2025-05-15T10:36:13+00:00","og_image":[{"width":1200,"height":1200,"url":"https:\/\/rental.digitalazul.pt\/wp-content\/uploads\/2016\/11\/Tela-de-Proje\u00e7\u00e3o-THUMB-AA-Digital-Azul-3.jpg","type":"image\/jpeg"}],"twitter_card":"summary_large_image","twitter_misc":{"Est. reading time":"1 minute"},"schema":{"@context":"https:\/\/schema.org","@graph":[{"@type":"WebPage","@id":"https:\/\/rental.digitalazul.pt\/en\/produto\/tela-de-2-66-x-1-50m-169\/","url":"https:\/\/rental.digitalazul.pt\/en\/produto\/tela-de-2-66-x-1-50m-169\/","name":"Tela de proje\u00e7\u00e3o com 2.66 x 1.50m com montagem em Lisboa - Digitalazul","isPartOf":{"@id":"https:\/\/rental.digitalazul.pt\/en\/#website"},"primaryImageOfPage":{"@id":"https:\/\/rental.digitalazul.pt\/en\/produto\/tela-de-2-66-x-1-50m-169\/#primaryimage"},"image":{"@id":"https:\/\/rental.digitalazul.pt\/en\/produto\/tela-de-2-66-x-1-50m-169\/#primaryimage"},"thumbnailUrl":"https:\/\/rental.digitalazul.pt\/wp-content\/uploads\/2016\/11\/Tela-de-Proje\u00e7\u00e3o-THUMB-AA-Digital-Azul-3.jpg","datePublished":"2016-11-02T22:18:42+00:00","dateModified":"2025-05-15T10:36:13+00:00","breadcrumb":{"@id":"https:\/\/rental.digitalazul.pt\/en\/produto\/tela-de-2-66-x-1-50m-169\/#breadcrumb"},"inLanguage":"en-US","potentialAction":[{"@type":"ReadAction","target":["https:\/\/rental.digitalazul.pt\/en\/produto\/tela-de-2-66-x-1-50m-169\/"]}]},{"@type":"ImageObject","inLanguage":"en-US","@id":"https:\/\/rental.digitalazul.pt\/en\/produto\/tela-de-2-66-x-1-50m-169\/#primaryimage","url":"https:\/\/rental.digitalazul.pt\/wp-content\/uploads\/2016\/11\/Tela-de-Proje\u00e7\u00e3o-THUMB-AA-Digital-Azul-3.jpg","contentUrl":"https:\/\/rental.digitalazul.pt\/wp-content\/uploads\/2016\/11\/Tela-de-Proje\u00e7\u00e3o-THUMB-AA-Digital-Azul-3.jpg","width":1200,"height":1200},{"@type":"BreadcrumbList","@id":"https:\/\/rental.digitalazul.pt\/en\/produto\/tela-de-2-66-x-1-50m-169\/#breadcrumb","itemListElement":[{"@type":"ListItem","position":1,"name":"Home","item":"https:\/\/rental.digitalazul.pt\/en\/"},{"@type":"ListItem","position":2,"name":"Categories","item":"https:\/\/rental.digitalazul.pt\/en\/categories\/"},{"@type":"ListItem","position":3,"name":"Projector Screen 2.66 x 1.50m (16:9)"}]},{"@type":"WebSite","@id":"https:\/\/rental.digitalazul.pt\/en\/#website","url":"https:\/\/rental.digitalazul.pt\/en\/","name":"Digital Azul","description":"Rental Catalogue","potentialAction":[{"@type":"SearchAction","target":{"@type":"EntryPoint","urlTemplate":"https:\/\/rental.digitalazul.pt\/en\/?s={search_term_string}"},"query-input":"required name=search_term_string"}],"inLanguage":"en-US"}]}},"_links":{"self":[{"href":"https:\/\/rental.digitalazul.pt\/en\/wp-json\/wp\/v2\/product\/1060"}],"collection":[{"href":"https:\/\/rental.digitalazul.pt\/en\/wp-json\/wp\/v2\/product"}],"about":[{"href":"https:\/\/rental.digitalazul.pt\/en\/wp-json\/wp\/v2\/types\/product"}],"wp:featuredmedia":[{"embeddable":true,"href":"https:\/\/rental.digitalazul.pt\/en\/wp-json\/wp\/v2\/media\/3095"}],"wp:attachment":[{"href":"https:\/\/rental.digitalazul.pt\/en\/wp-json\/wp\/v2\/media?parent=1060"}],"wp:term":[{"taxonomy":"product_cat","embeddable":true,"href":"https:\/\/rental.digitalazul.pt\/en\/wp-json\/wp\/v2\/product_cat?post=1060"},{"taxonomy":"product_tag","embeddable":true,"href":"https:\/\/rental.digitalazul.pt\/en\/wp-json\/wp\/v2\/product_tag?post=1060"}],"curies":[{"name":"wp","href":"https:\/\/api.w.org\/{rel}","templated":true}]}}

<p>Tela de projeção em estrutura de alumínio desmontável 16:9</p>
<ul>
<li>Área útil da tela: 2,66m x 1,50m</li>
<li>Área total da tela: 2,81m x 1,65m</li>
<li>Diagonal: 120&#8243;</li>
<li>Altura máxima dos pés: 1,28m</li>
<li>Altura mínima dos pés: 0,28m</li>
<li>Altura máxima da estrutura: 2,93m</li>
<li>Altura mínima da estrutura: 1,93m</li>
<li>Largura dos pés: 1,22m</li>
<li>Dimensões da caixa de transporte: 1,31m x 0,43m x 0,46m</li>
</ul>

<!-- This site is optimized with the Yoast SEO plugin v23.2 - https://yoast.com/wordpress/plugins/seo/ -->
<title>Tela de projeção com 2.66 x 1.50m com montagem em Lisboa - Digitalazul</title>
<meta name="robots" content="index, follow, max-snippet:-1, max-image-preview:large, max-video-preview:-1" />
<link rel="canonical" href="https://rental.digitalazul.pt/en/produto/tela-de-2-66-x-1-50m-169/" />
<meta property="og:locale" content="en_US" />
<meta property="og:type" content="article" />
<meta property="og:title" content="Tela de projeção com 2.66 x 1.50m com montagem em Lisboa - Digitalazul" />
<meta property="og:description" content="Tela de projeção em estrutura de alumínio desmontável 16:9   Área útil da tela: 2,66m x 1,50m  Área total da tela: 2,81m x 1,65m  Diagonal: 120&quot;  Altura máxima dos pés: 1,28m  Altura mínima dos pés: 0,28m  Altura máxima da estrutura: 2,93m  Altura mínima da estrutura: 1,93m  Largura dos pés: 1,22m  Dimensões da caixa de transporte: 1,31m x 0,43m x 0,46m" />
<meta property="og:url" content="https://rental.digitalazul.pt/en/produto/tela-de-2-66-x-1-50m-169/" />
<meta property="og:site_name" content="Digital Azul" />
<meta property="article:publisher" content="https://www.facebook.com/DigitalAzul" />
<meta property="article:modified_time" content="2025-05-15T10:36:13+00:00" />
<meta property="og:image" content="https://rental.digitalazul.pt/wp-content/uploads/2016/11/Tela-de-Projeção-THUMB-AA-Digital-Azul-3.jpg" />
	<meta property="og:image:width" content="1200" />
	<meta property="og:image:height" content="1200" />
	<meta property="og:image:type" content="image/jpeg" />
<meta name="twitter:card" content="summary_large_image" />
<meta name="twitter:label1" content="Est. reading time" />
	<meta name="twitter:data1" content="1 minute" />
<script type="application/ld+json" class="yoast-schema-graph">{"@context":"https://schema.org","@graph":[{"@type":"WebPage","@id":"https://rental.digitalazul.pt/en/produto/tela-de-2-66-x-1-50m-169/","url":"https://rental.digitalazul.pt/en/produto/tela-de-2-66-x-1-50m-169/","name":"Tela de projeção com 2.66 x 1.50m com montagem em Lisboa - Digitalazul","isPartOf":{"@id":"https://rental.digitalazul.pt/en/#website"},"primaryImageOfPage":{"@id":"https://rental.digitalazul.pt/en/produto/tela-de-2-66-x-1-50m-169/#primaryimage"},"image":{"@id":"https://rental.digitalazul.pt/en/produto/tela-de-2-66-x-1-50m-169/#primaryimage"},"thumbnailUrl":"https://rental.digitalazul.pt/wp-content/uploads/2016/11/Tela-de-Projeção-THUMB-AA-Digital-Azul-3.jpg","datePublished":"2016-11-02T22:18:42+00:00","dateModified":"2025-05-15T10:36:13+00:00","breadcrumb":{"@id":"https://rental.digitalazul.pt/en/produto/tela-de-2-66-x-1-50m-169/#breadcrumb"},"inLanguage":"en-US","potentialAction":[{"@type":"ReadAction","target":["https://rental.digitalazul.pt/en/produto/tela-de-2-66-x-1-50m-169/"]}]},{"@type":"ImageObject","inLanguage":"en-US","@id":"https://rental.digitalazul.pt/en/produto/tela-de-2-66-x-1-50m-169/#primaryimage","url":"https://rental.digitalazul.pt/wp-content/uploads/2016/11/Tela-de-Projeção-THUMB-AA-Digital-Azul-3.jpg","contentUrl":"https://rental.digitalazul.pt/wp-content/uploads/2016/11/Tela-de-Projeção-THUMB-AA-Digital-Azul-3.jpg","width":1200,"height":1200},{"@type":"BreadcrumbList","@id":"https://rental.digitalazul.pt/en/produto/tela-de-2-66-x-1-50m-169/#breadcrumb","itemListElement":[{"@type":"ListItem","position":1,"name":"Home","item":"https://rental.digitalazul.pt/en/"},{"@type":"ListItem","position":2,"name":"Categories","item":"https://rental.digitalazul.pt/en/categories/"},{"@type":"ListItem","position":3,"name":"Projector Screen 2.66 x 1.50m (16:9)"}]},{"@type":"WebSite","@id":"https://rental.digitalazul.pt/en/#website","url":"https://rental.digitalazul.pt/en/","name":"Digital Azul","description":"Rental Catalogue","potentialAction":[{"@type":"SearchAction","target":{"@type":"EntryPoint","urlTemplate":"https://rental.digitalazul.pt/en/?s={search_term_string}"},"query-input":"required name=search_term_string"}],"inLanguage":"en-US"}]}</script>
<!-- / Yoast SEO plugin. -->

Tela de projeção com 2.66 x 1.50m com montagem em Lisboa - Digitalazul

Tela de projeção em estrutura de alumínio desmontável 16:9   Área útil da tela: 2,66m x 1,50m  Área total da tela: 2,81m x 1,65m  Diagonal: 120"  Altura máxima dos pés: 1,28m  Altura mínima dos pés: 0,28m  Altura máxima da estrutura: 2,93m  Altura mínima da estrutura: 1,93m  Largura dos pés: 1,22m  Dimensões da caixa de transporte: 1,31m x 0,43m x 0,46m

https://rental.digitalazul.pt/wp-content/uploads/2016/11/Tela-de-Projeção-THUMB-AA-Digital-Azul-3.jpg
