{"id":4416,"date":"2026-07-23T10:11:14","date_gmt":"2026-07-23T09:11:14","guid":{"rendered":"https:\/\/rental.digitalazul.pt\/?post_type=da-rental-kit&#038;p=4416"},"modified":"2026-07-23T10:11:20","modified_gmt":"2026-07-23T09:11:20","slug":"kit-sony-fx5-24-70-gm2-aluguer-lisboa","status":"publish","type":"da-rental-kit","link":"https:\/\/rental.digitalazul.pt\/pt-pt\/kits\/kit-sony-fx5-24-70-gm2-aluguer-lisboa\/","title":{"rendered":"Kit Sony FX5 com Sony 24 70mm GM II"},"content":{"rendered":"","protected":false},"excerpt":{"rendered":"","protected":false},"featured_media":4524,"menu_order":70,"template":"","meta":{"_acf_changed":false,"footnotes":""},"class_list":["post-4416","da-rental-kit","type-da-rental-kit","status-publish","has-post-thumbnail","hentry","da-rental-product-category-kits-de-camara"],"acf":{"referencia":"","valor_diario":205,"produtos_incluidos_kit":[{"product":4406,"qty":1},{"product":3278,"qty":1},{"product":4439,"qty":1},{"product":4443,"qty":1}],"caracteristicas_chave":"<p>Um pacote r&aacute;pido e vers&aacute;til para o dia a dia: a FX5 com a zoom topo de gama 24-70mm da Sony, pensado para document&aacute;rio, corporate e multic&acirc;mara.<\/p>\n<ul>\n<li>C&acirc;mara de cinema full-frame Sony FX5, montagem Sony E<\/li>\n<li>Objetiva zoom Sony FE 24-70mm f\/2.8 GM II<\/li>\n<li>Abertura constante f\/2.8 em todo o intervalo de zoom<\/li>\n<li>Autofoco nativo em montagem E, ideal para run-and-gun e multic&acirc;mara<\/li>\n<li>Combina&ccedil;&atilde;o compacta e leve para setups r&aacute;pidos<\/li>\n<li>1x Trip\u00e9 \u2014 <strong>opcional<\/strong> (50% desconto) \u2014 <a href=\"https:\/\/rental.digitalazul.pt\/pt-pt\/categoria-produto\/suporte-de-camara\/\">consulte a nossa lista de trip\u00e9s<\/a><\/li><\/ul>\n<p><strong>Inclu\u00eddo com esta c\u00e2mara:<\/strong> a FX5 deste kit inclui 1x Cage Tilta, 1x punho superior Tilta, 1x punho XLR-H2 com \u00e1udio de 4 canais a 96 kHz float de 32-bit, 3x baterias Sony NP-SA100, 1x carregador de bateria, 2x cart\u00f5es de mem\u00f3ria 240GB e 1x leitor de cart\u00f5es.<\/p>"},"_links":{"self":[{"href":"https:\/\/rental.digitalazul.pt\/pt-pt\/wp-json\/wp\/v2\/da-rental-kit\/4416","targetHints":{"allow":["GET"]}}],"collection":[{"href":"https:\/\/rental.digitalazul.pt\/pt-pt\/wp-json\/wp\/v2\/da-rental-kit"}],"about":[{"href":"https:\/\/rental.digitalazul.pt\/pt-pt\/wp-json\/wp\/v2\/types\/da-rental-kit"}],"version-history":[{"count":1,"href":"https:\/\/rental.digitalazul.pt\/pt-pt\/wp-json\/wp\/v2\/da-rental-kit\/4416\/revisions"}],"predecessor-version":[{"id":4417,"href":"https:\/\/rental.digitalazul.pt\/pt-pt\/wp-json\/wp\/v2\/da-rental-kit\/4416\/revisions\/4417"}],"wp:featuredmedia":[{"embeddable":true,"href":"https:\/\/rental.digitalazul.pt\/pt-pt\/wp-json\/wp\/v2\/media\/4524"}],"wp:attachment":[{"href":"https:\/\/rental.digitalazul.pt\/pt-pt\/wp-json\/wp\/v2\/media?parent=4416"}],"curies":[{"name":"wp","href":"https:\/\/api.w.org\/{rel}","templated":true}]}}

<p>Um pacote r&aacute;pido e vers&aacute;til para o dia a dia: a FX5 com a zoom topo de gama 24-70mm da Sony, pensado para document&aacute;rio, corporate e multic&acirc;mara.</p>
<ul>
<li>C&acirc;mara de cinema full-frame Sony FX5, montagem Sony E</li>
<li>Objetiva zoom Sony FE 24-70mm f/2.8 GM II</li>
<li>Abertura constante f/2.8 em todo o intervalo de zoom</li>
<li>Autofoco nativo em montagem E, ideal para run-and-gun e multic&acirc;mara</li>
<li>Combina&ccedil;&atilde;o compacta e leve para setups r&aacute;pidos</li>
<li>1x Tripé — <strong>opcional</strong> (50% desconto) — <a href="https://rental.digitalazul.pt/pt-pt/categoria-produto/suporte-de-camara/">consulte a nossa lista de tripés</a></li></ul>
<p><strong>Incluído com esta câmara:</strong> a FX5 deste kit inclui 1x Cage Tilta, 1x punho superior Tilta, 1x punho XLR-H2 com áudio de 4 canais a 96 kHz float de 32-bit, 3x baterias Sony NP-SA100, 1x carregador de bateria, 2x cartões de memória 240GB e 1x leitor de cartões.</p>
