{"id":5139,"date":"2026-09-03T11:10:23","date_gmt":"2026-09-03T10:10:23","guid":{"rendered":"https:\/\/rental.digitalazul.pt\/product\/mesa-portatil-apoio-producao-2-4x0-75m-aluguer-lisboa\/"},"modified":"2026-09-03T11:10:23","modified_gmt":"2026-09-03T10:10:23","slug":"mesa-portatil-apoio-producao-2-4x0-75m-aluguer-lisboa","status":"publish","type":"da-rental-product","link":"https:\/\/rental.digitalazul.pt\/pt-pt\/product\/mesa-portatil-apoio-producao-2-4x0-75m-aluguer-lisboa\/","title":{"rendered":"Mesa Port\u00e1til de Apoio \u00e0 Produ\u00e7\u00e3o 2.4 x 0.75m"},"content":{"rendered":"","protected":false},"excerpt":{"rendered":"","protected":false},"featured_media":5279,"menu_order":1379,"template":"","meta":{"_acf_changed":false,"footnotes":""},"class_list":["post-5139","da-rental-product","type-da-rental-product","status-publish","has-post-thumbnail","hentry","da-rental-product-category-outros"],"acf":{"referencia":"R42001","valor_diario":"","categoria_de_produto":[308],"imagens_do_produto":null,"caracteristicas_chave":"Mesa port&aacute;til de apoio &agrave; produ&ccedil;&atilde;o de 2.4 x 0.75m, formato maior para video village, posto de DIT ou &aacute;reas de trabalho de equipa em set.","incluido_neste_aluguer":"","caracteristicas":"","especificacoes":"","manuais":null,"videos":null,"produtos_relacionados":[5135,3142,3141]},"_links":{"self":[{"href":"https:\/\/rental.digitalazul.pt\/pt-pt\/wp-json\/wp\/v2\/da-rental-product\/5139","targetHints":{"allow":["GET"]}}],"collection":[{"href":"https:\/\/rental.digitalazul.pt\/pt-pt\/wp-json\/wp\/v2\/da-rental-product"}],"about":[{"href":"https:\/\/rental.digitalazul.pt\/pt-pt\/wp-json\/wp\/v2\/types\/da-rental-product"}],"version-history":[{"count":0,"href":"https:\/\/rental.digitalazul.pt\/pt-pt\/wp-json\/wp\/v2\/da-rental-product\/5139\/revisions"}],"acf:post":[{"embeddable":true,"href":"https:\/\/rental.digitalazul.pt\/pt-pt\/wp-json\/wp\/v2\/da-rental-product\/3141"},{"embeddable":true,"href":"https:\/\/rental.digitalazul.pt\/pt-pt\/wp-json\/wp\/v2\/da-rental-product\/3142"},{"embeddable":true,"href":"https:\/\/rental.digitalazul.pt\/pt-pt\/wp-json\/wp\/v2\/da-rental-product\/5135"}],"acf:term":[{"embeddable":true,"taxonomy":"da-rental-product-category","href":"https:\/\/rental.digitalazul.pt\/pt-pt\/wp-json\/wp\/v2\/da-rental-product-category\/308"}],"wp:featuredmedia":[{"embeddable":true,"href":"https:\/\/rental.digitalazul.pt\/pt-pt\/wp-json\/wp\/v2\/media\/5279"}],"wp:attachment":[{"href":"https:\/\/rental.digitalazul.pt\/pt-pt\/wp-json\/wp\/v2\/media?parent=5139"}],"curies":[{"name":"wp","href":"https:\/\/api.w.org\/{rel}","templated":true}]}}

Mesa Portátil de Apoio à Produção 2.4 x 0.75m
